s 297503 a prime number?
True
Is 12856679 a prime number?
False
Is 560987 composite?
True
Is 35608901 composite?
False
Is 19633799 prime?
True
Is 6279191 composite?
True
Is 154718593 composite?
True
Is 24713827 a composite number?
True
Is 322801 composite?
True
Is 953291 prime?
False
Is 1646219 a composite number?
False
Is 5008573 prime?
True
Is 99859 prime?
True
Is 65323627 prime?
True
Is 110885002 composite?
True
Is 2001247 a prime number?
True
Is 1660148333 a composite number?
False
Is 31813291 composite?
False
Is 4155751 prime?
True
Is 469277 a prime number?
False
Is 75233 a composite number?
True
Is 2690399 a prime number?
False
Is 10187647 composite?
False
Is 82342499 a prime number?
True
Is 7861897 prime?
True
Is 685837 prime?
False
Is 219179 a composite number?
True
Is 65450129 composite?
True
Is 9532109 a composite number?
False
Is 4736863 composite?
True
Is 61997683 prime?
False
Is 381787 prime?
False
Is 9633521 composite?
False
Is 24288029 a prime number?
True
Is 96957373 composite?
False
Is 13931899 a prime number?
False
Is 3527401 a prime number?
False
Is 4463911 composite?
True
Is 13189541 composite?
False
Is 11134373 composite?
True
Is 701181721 a composite number?
True
Is 6163 prime?
True
Is 5535269 a prime number?
True
Is 58142171 a composite number?
True
Is 209353 a composite number?
False
Is 914237 a composite number?
False
Is 90634039 a composite number?
False
Is 18236779 a prime number?
False
Is 12292594 a prime number?
False
Is 95541467 a prime number?
False
Is 832648594 prime?
False
Is 292307563 composite?
False
Is 4895047 a composite number?
True
Is 862343 prime?
True
Is 14171903 prime?
False
Is 5656513 a prime number?
False
Is 15464837 composite?
False
Is 15599617 composite?
True
Is 5632579 composite?
False
Is 7491551 prime?
True
Is 802321 composite?
True
Is 5016229 composite?
False
Is 3115379 composite?
False
Is 7214161 composite?
False
Is 3238487 a prime number?
False
Is 589993 composite?
False
Is 572453201 a prime number?
True
Is 10284019 a composite number?
True
Is 33032159 prime?
False
Is 7321319 composite?
False
Is 7102393 a prime number?
False
Is 30427363 a composite number?
True
Is 4850929 prime?
False
Is 32965999 a composite number?
True
Is 17481533 a prime number?
True
Is 564355507 a composite number?
True
Is 28413941 prime?
True
Is 75061517 prime?
True
Is 99329579 a prime number?
False
Is 2314493 prime?
False
Is 153308371 a composite number?
True
Is 11586361 composite?
True
Is 89543411 a composite number?
False
Is 3724251 a composite number?
True
Is 17861293 composite?
False
Is 706815591 prime?
False
Is 29546057 prime?
True
Is 140641909 a prime number?
False
Is 14883991 prime?
True
Is 17882887 a prime number?
False
Is 865699 a composite number?
True
Is 4412497 prime?
True
Is 225036079 a prime number?
True
Is 2000906 a prime number?
False
Is 291834943 a prime number?
False
Is 107478881 a composite number?
False
Is 97653851 prime?
True
Is 287418431 a composite number?
True
Is 7274053 a composite number?
False
Is 10931827 a prime number?
True
Is 76597043 a prime number?
False
Is 177579541 a prime number?
False
Is 10139957 a prime number?
False
Is 12798113 a composite number?
False
Is 10387183 a prime number?
True
Is 4653277 a prime number?
True
Is 130686487 composite?
False
Is 26232886 prime?
False
Is 11361719 prime?
False
Is 15269801 a prime number?
True
Is 96096493 prime?
False
Is 62429 composite?
True
Is 22897141 composite?
True
Is 869807 prime?
True
Is 255311 a prime number?
False
Is 4136633 composite?
False
Is 1584017 a composite number?
False
Is 105442843 composite?
True
Is 1406159 composite?
False
Is 12024393 a composite number?
True
Is 15473973 a composite number?
True
Is 1644361 a composite number?
False
Is 84877109 composite?
True
Is 328549003 composite?
False
Is 77414257 a prime number?
True
Is 674471257 a prime number?
False
Is 947959 a prime number?
True
Is 258885505 a prime number?
False
Is 103559921 a prime number?
True
Is 360220313 composite?
False
Is 128346389 composite?
False
Is 119417107 prime?
True
Is 408671731 a prime number?
False
Is 80140289 a composite number?
False
Is 13109237 a prime number?
True
Is 26537785 a prime number?
False
Is 19790063 composite?
False
Is 17669651 a prime number?
False
Is 1629811 composite?
True
Is 814921 prime?
False
Is 478043 a prime number?
False
Is 13365293 composite?
True
Is 38140057 a prime number?
True
Is 2263357 composite?
False
Is 8963249 composite?
False
Is 10902829 composite?
True
Is 638266301 a prime number?
True
Is 42148619 a composite number?
False
Is 560159 composite?
False
Is 193496687 composite?
True
Is 65196622 prime?
False
Is 8169817 composite?
False
Is 403531 composite?
True
Is 275834927 composite?
True
Is 1319070779 a prime number?
False
Is 28999574 prime?
False
Is 19110073 prime?
True
Is 57051187 composite?
False
Is 289326259 a prime number?
False
Is 1083337 composite?
False
Is 33805117 composite?
False
Is 5156453 composite?
True
Is 7889569 prime?
True
Is 10881107 a composite number?
True
Is 648013873 a composite number?
True
Is 2953393 a composite number?
True
Is 544642609 a composite number?
True
Is 35846071 a prime number?
False
Is 45484001 a prime number?
True
Is 4491481 a prime number?
True
Is 41936793 prime?
False
Is 19377971 a composite number?
False
Is 27996211 prime?
True
Is 106237567 a prime number?
False
Is 1141303 a prime number?
True
Is 33504883 a composite number?
True
Is 12872749 a prime number?
True
Is 66258751 prime?
False
Is 621962791 prime?
False
Is 61029019 composite?
True
Is 51436891 composite?
True
Is 52926499 a prime number?
True
Is 2911079 a composite number?
False
Is 9339787 a prime number?
True
Is 33936311 composite?
False
Is 976351 a prime number?
True
Is 2238718 a prime number?
False
Is 7137733 a prime number?
True
Is 280292101 composite?
False
Is 2644339 a composite number?
False
Is 5492771 prime?
True
Is 5835613 prime?
False
Is 83654821 a composite number?
True
Is 602381 a composite number?
True
Is 5072393 a prime number?
True
Is 32048063 composite?
True
Is 204067 a composite number?
False
Is 1742791 a composite number?
False
Is 222269 composite?
False
Is 11136691 a composite number?
True
Is 10745809 a prime number?
False
Is 818910937 a prime number?
False
Is 63798673 composite?
True
Is 895983191 a prime number?
True
Is 1411351 a prime number?
False
Is 4050671 prime?
True
Is 104235191 a prime number?
True
Is 1395929 a prime number?
False
Is 160835141 composite?
False
Is 121497 a composite number?
True
Is 114960349 prime?
False
Is 2335129 composite?
True
Is 263633119 composite?
True
Is 4529929 composite?
False
Is 93765887 composite?
False
Is 129841 prime?
True
Is 42602477 prime?
True
Is 271725953 a composite number?
True
Is 355483987 composite?
True
Is 3244183 composite?
True
Is 704183461 composite?
False
Is 104623 a composite number?
False
Is 305876639 prime?
True
Is 2270221 a prime number?
False
Is 9603961 composite?
True
Is 56804651 a composite number?
False
Is 3676531 a prime number?
False
Is 386536187 composite?
True
Is 470069 prime?
False
Is 1131144295 a composite number?
True
Is 13051891 prime?
True
Is 462827 a composite number?
False
Is 44597519 a prime number?
True
Is 620803 prime?
False
Is 6558423 a prime number?
False
Is 491273 a prime number?
True
Is 2084735 a composite number?
True
Is 167093341 composite?
False
Is 47722009 a prime number?
False
Is 10930679 prime?
True
Is 3002047 a prime number?
False
Is 42403843 a composite number?
False
Is 249354471 a prime number?
False
Is 49545883 a composite number?
False
Is 112006283 a composite number?
False
Is 44976929 composite?
False
Is 38384683 a prime number?
False
Is 1331987 a prime number?
True
Is 3008513 a composite number?
False
Is 2604929 a composite number?
True
Is 294889813 a prime number?
False
Is 3412727 prime?
True
Is 9768487 composite?
False
Is 390382739 a prime number?
True
Is 11853077 prime?
False
Is 5354327 a prime number?
False
Is 671930357 prime?
False
Is 7269719 a composite number?
False
Is 286589 a composite number?
False
Is 23849043 a composite number?
True
Is 558287 a prime number?
True
Is 124951 composite?
False
Is 28065641 prime?
False
Is 28603469 a composite number?
True
Is 2069761 a composite number?
False
Is 42520661 composite